{"id":795,"date":"2024-08-18T14:09:24","date_gmt":"2024-08-18T12:09:24","guid":{"rendered":"https:\/\/yukie-yasui.de\/?page_id=795"},"modified":"2026-04-02T11:53:04","modified_gmt":"2026-04-02T09:53:04","slug":"ueber-mich","status":"publish","type":"page","link":"https:\/\/yukie-yasui.de\/en\/ueber-mich\/","title":{"rendered":"\u00dcber mich"},"content":{"rendered":"<div data-elementor-type=\"wp-page\" data-elementor-id=\"795\" class=\"elementor elementor-795\" data-elementor-post-type=\"page\">\n\t\t\t\t<div class=\"elementor-element elementor-element-152f2f6b e-con-full e-flex e-con e-parent\" data-id=\"152f2f6b\" data-element_type=\"container\" data-settings=\"{&quot;background_background&quot;:&quot;classic&quot;,&quot;content_width&quot;:&quot;full&quot;}\" data-core-v316-plus=\"true\">\n\t\t<div class=\"elementor-element elementor-element-546a823 e-con-full e-flex e-con e-child\" data-id=\"546a823\" data-element_type=\"container\" data-settings=\"{&quot;content_width&quot;:&quot;full&quot;,&quot;background_background&quot;:&quot;gradient&quot;}\">\n\t\t\t\t<div class=\"elementor-element elementor-element-12d871fa elementor-widget__width-initial elementor-widget elementor-widget-heading\" data-id=\"12d871fa\" data-element_type=\"widget\" data-widget_type=\"heading.default\">\n\t\t\t\t<div class=\"elementor-widget-container\">\n\t\t\t<style>\/*! elementor - v3.19.0 - 29-01-2024 *\/\n.elementor-heading-title{padding:0;margin:0;line-height:1}.elementor-widget-heading .elementor-heading-title[class*=elementor-size-]>a{color:inherit;font-size:inherit;line-height:inherit}.elementor-widget-heading .elementor-heading-title.elementor-size-small{font-size:15px}.elementor-widget-heading .elementor-heading-title.elementor-size-medium{font-size:19px}.elementor-widget-heading .elementor-heading-title.elementor-size-large{font-size:29px}.elementor-widget-heading .elementor-heading-title.elementor-size-xl{font-size:39px}.elementor-widget-heading .elementor-heading-title.elementor-size-xxl{font-size:59px}<\/style><h2 class=\"elementor-heading-title elementor-size-default\">\u00dcber mich<\/h2>\t\t<\/div>\n\t\t\t\t<\/div>\n\t\t\t\t<div class=\"elementor-element elementor-element-518a3ab7 elementor-widget__width-initial elementor-widget elementor-widget-text-editor\" data-id=\"518a3ab7\" data-element_type=\"widget\" data-widget_type=\"text-editor.default\">\n\t\t\t\t<div class=\"elementor-widget-container\">\n\t\t\t<style>\/*! elementor - v3.19.0 - 29-01-2024 *\/\n.elementor-widget-text-editor.elementor-drop-cap-view-stacked .elementor-drop-cap{background-color:#69727d;color:#fff}.elementor-widget-text-editor.elementor-drop-cap-view-framed .elementor-drop-cap{color:#69727d;border:3px solid;background-color:transparent}.elementor-widget-text-editor:not(.elementor-drop-cap-view-default) .elementor-drop-cap{margin-top:8px}.elementor-widget-text-editor:not(.elementor-drop-cap-view-default) .elementor-drop-cap-letter{width:1em;height:1em}.elementor-widget-text-editor .elementor-drop-cap{float:left;text-align:center;line-height:1;font-size:50px}.elementor-widget-text-editor .elementor-drop-cap-letter{display:inline-block}<\/style>\t\t\t\t<p data-start=\"1577\" data-end=\"1651\"><strong>Br\u00fccken bauen f\u00fcr Entwicklung und Wachstum<\/strong><\/p><p data-start=\"1653\" data-end=\"2035\">Ich verstehe mich als Br\u00fcckenbauerin.\u00a0<span style=\"word-spacing: 0em;\">Mich motiviert es, wenn\u00a0 Verbindung und Vertrauen zwischen Menschen\u00a0<\/span>entsteht<span style=\"word-spacing: 0em;\">, sich Potenziale entfalten und L\u00f6sungen finden.\u00a0<\/span><\/p><p data-start=\"1653\" data-end=\"2035\"><span style=\"word-spacing: 0em;\"><b>Meine pers\u00f6nliche Geschichte<\/b>\u00a0<\/span><\/p><p data-start=\"1653\" data-end=\"2035\"><span style=\"word-spacing: 0em;\">In \u00fcber 18 Jahren im KMU und im Konzern (Gruner + Jahr) habe ich &#8211; langj\u00e4hrig auch als F\u00fchrungskraft &#8211; Transformationsprozesse mitgestaltet: <\/span><span style=\"word-spacing: 0em;\">Ich etablierte Kommunikationswege\u00a0<\/span><span style=\"word-spacing: 0em;\">zwischen Unternehmensteilen\u00a0<\/span><span style=\"word-spacing: 0em;\">und implementierte agile Prozesse operativ. <\/span><span style=\"word-spacing: 0em;\">\u00a0<\/span><\/p>\t\t\t\t\t\t<\/div>\n\t\t\t\t<\/div>\n\t\t\t\t<\/div>\n\t\t<div class=\"elementor-element elementor-element-c356f76 e-con-full e-flex e-con e-child\" data-id=\"c356f76\" data-element_type=\"container\" data-settings=\"{&quot;content_width&quot;:&quot;full&quot;,&quot;background_background&quot;:&quot;gradient&quot;}\">\n\t\t\t\t<div class=\"elementor-element elementor-element-c3d4a74 elementor-widget__width-initial elementor-widget elementor-widget-text-editor\" data-id=\"c3d4a74\" data-element_type=\"widget\" data-widget_type=\"text-editor.default\">\n\t\t\t\t<div class=\"elementor-widget-container\">\n\t\t\t\t\t\t\t<p data-start=\"2037\" data-end=\"2382\"><span style=\"word-spacing: 0em;\">Diese Erfahrungen <\/span><span style=\"word-spacing: 0em;\">verbinde ich in meiner heutigen Beratung mit fundiertem psychologischem Wissen.\u00a0<\/span><span style=\"word-spacing: 0em;\">Meine St\u00e4rke liegt darin, auch hohe Komplexit\u00e4t zu \u00fcberschauen. Ich finde kritische Hebelpunkte und erkenne wirksame Ma\u00dfnahmen f\u00fcr Weiterentwicklung.<\/span><\/p><p data-start=\"2037\" data-end=\"2382\"><b style=\"word-spacing: 0em;\">Mein Herzensthema<\/b><span style=\"word-spacing: 0em;\"> &#8211; Menschen mithilfe der Positiven Psychologie in ihrer Resilienz zu st\u00e4rken &#8211; begleitet mich im Einzelcoaching, im F\u00fchrungskr\u00e4ftecoaching sowie in der Zusammenarbeit mit Teams.<\/span><\/p><p>Durch meine mit Japan und Deutschland verbundene Biographie bringe ich zudem Erfahrungen f\u00fcr interkulturelle Fragestellungen mit.<\/p><p data-start=\"2384\" data-end=\"2698\">\u00a0<\/p>\t\t\t\t\t\t<\/div>\n\t\t\t\t<\/div>\n\t\t\t\t<\/div>\n\t\t\t\t<\/div>\n\t\t<div class=\"elementor-element elementor-element-f04d521 e-flex e-con-boxed e-con e-parent\" data-id=\"f04d521\" data-element_type=\"container\" data-settings=\"{&quot;content_width&quot;:&quot;boxed&quot;}\" data-core-v316-plus=\"true\">\n\t\t\t\t\t<div class=\"e-con-inner\">\n\t\t<div class=\"elementor-element elementor-element-b3ff5f5 e-con-full e-flex e-con e-child\" data-id=\"b3ff5f5\" data-element_type=\"container\" data-settings=\"{&quot;content_width&quot;:&quot;full&quot;}\">\n\t\t\t\t<\/div>\n\t\t<div class=\"elementor-element elementor-element-07d7808 e-con-full e-flex e-con e-child\" data-id=\"07d7808\" data-element_type=\"container\" data-settings=\"{&quot;content_width&quot;:&quot;full&quot;}\">\n\t\t\t\t<div class=\"elementor-element elementor-element-0b71faf elementor-widget elementor-widget-image\" data-id=\"0b71faf\" data-element_type=\"widget\" data-widget_type=\"image.default\">\n\t\t\t\t<div class=\"elementor-widget-container\">\n\t\t\t<style>\/*! elementor - v3.19.0 - 29-01-2024 *\/\n.elementor-widget-image{text-align:center}.elementor-widget-image a{display:inline-block}.elementor-widget-image a img[src$=\".svg\"]{width:48px}.elementor-widget-image img{vertical-align:middle;display:inline-block}<\/style>\t\t\t\t\t\t\t\t\t\t<img fetchpriority=\"high\" decoding=\"async\" width=\"300\" height=\"300\" src=\"https:\/\/yukie-yasui.de\/wp-content\/uploads\/2024\/09\/IMG_1986-532C6E.png\" class=\"attachment-large size-large wp-image-2586\" alt=\"Yukie Yasui Kido coat of arms\" srcset=\"https:\/\/yukie-yasui.de\/wp-content\/uploads\/2024\/09\/IMG_1986-532C6E.png 300w, https:\/\/yukie-yasui.de\/wp-content\/uploads\/2024\/09\/IMG_1986-532C6E-150x150.png 150w\" sizes=\"(max-width: 300px) 100vw, 300px\" \/>\t\t\t\t\t\t\t\t\t\t\t\t\t<\/div>\n\t\t\t\t<\/div>\n\t\t\t\t<\/div>\n\t\t<div class=\"elementor-element elementor-element-354c330 e-con-full e-flex e-con e-child\" data-id=\"354c330\" data-element_type=\"container\" data-settings=\"{&quot;content_width&quot;:&quot;full&quot;}\">\n\t\t\t\t<\/div>\n\t\t\t\t\t<\/div>\n\t\t\t\t<\/div>\n\t\t<div class=\"elementor-element elementor-element-546157c1 e-con-full e-flex e-con e-parent\" data-id=\"546157c1\" data-element_type=\"container\" data-settings=\"{&quot;content_width&quot;:&quot;full&quot;,&quot;background_background&quot;:&quot;classic&quot;}\" data-core-v316-plus=\"true\">\n\t\t<div class=\"elementor-element elementor-element-7b4e473 e-con-full e-flex e-con e-child\" data-id=\"7b4e473\" data-element_type=\"container\" data-settings=\"{&quot;content_width&quot;:&quot;full&quot;}\">\n\t\t\t\t<div class=\"elementor-element elementor-element-026ac84 elementor-widget__width-initial elementor-widget-mobile__width-inherit elementor-widget elementor-widget-heading\" data-id=\"026ac84\" data-element_type=\"widget\" data-widget_type=\"heading.default\">\n\t\t\t\t<div class=\"elementor-widget-container\">\n\t\t\t<h3 class=\"elementor-heading-title elementor-size-default\">Ausbildungen<\/h3>\t\t<\/div>\n\t\t\t\t<\/div>\n\t\t\t\t<div class=\"elementor-element elementor-element-be23098 elementor-widget__width-initial elementor-widget-mobile__width-inherit elementor-widget elementor-widget-text-editor\" data-id=\"be23098\" data-element_type=\"widget\" data-widget_type=\"text-editor.default\">\n\t\t\t\t<div class=\"elementor-widget-container\">\n\t\t\t\t\t\t\t<ul><li style=\"font-size: 18px;\">Studium der Psychologie, Diplom an der Universit\u00e4t Hamburg (1999)<br \/>Kommunikationspsychologie bei Prof. Dr. Friedemann Schulz von Thun<\/li><li>Zertifizierte Systemische Coach, Die Coaching Akademie Hamburg\u00a0<br \/>Ausbildung anerkannt durch den DBVC e.V. und international den IOBC\u00a0<\/li><li>Wingwave\u00ae\u00a0Coach<\/li><li>Wingwave\u00ae\u00a0Online Ressources\u00ae\u00a0Coach<\/li><li>Agiler Coach<\/li><\/ul>\t\t\t\t\t\t<\/div>\n\t\t\t\t<\/div>\n\t\t\t\t<\/div>\n\t\t<div class=\"elementor-element elementor-element-4680029 e-con-full e-flex e-con e-child\" data-id=\"4680029\" data-element_type=\"container\" data-settings=\"{&quot;content_width&quot;:&quot;full&quot;}\">\n\t\t\t\t<div class=\"elementor-element elementor-element-259d6f2 elementor-widget__width-initial elementor-widget-mobile__width-inherit elementor-widget elementor-widget-heading\" data-id=\"259d6f2\" data-element_type=\"widget\" data-widget_type=\"heading.default\">\n\t\t\t\t<div class=\"elementor-widget-container\">\n\t\t\t<h3 class=\"elementor-heading-title elementor-size-default\">Arbeitssprachen<\/h3>\t\t<\/div>\n\t\t\t\t<\/div>\n\t\t\t\t<div class=\"elementor-element elementor-element-6394380 elementor-widget__width-initial elementor-widget-mobile__width-inherit elementor-widget elementor-widget-text-editor\" data-id=\"6394380\" data-element_type=\"widget\" data-widget_type=\"text-editor.default\">\n\t\t\t\t<div class=\"elementor-widget-container\">\n\t\t\t\t\t\t\t<ul><li>Deutsch<\/li><li>Englisch<\/li><\/ul>\t\t\t\t\t\t<\/div>\n\t\t\t\t<\/div>\n\t\t\t\t<\/div>\n\t\t\t\t<\/div>\n\t\t\t\t<\/div>","protected":false},"excerpt":{"rendered":"<p>\u00dcber mich Br\u00fccken bauen f\u00fcr Entwicklung und Wachstum Ich verstehe mich als Br\u00fcckenbauerin.\u00a0Mich motiviert es, wenn\u00a0 Verbindung und Vertrauen zwischen Menschen\u00a0entsteht, sich Potenziale entfalten und L\u00f6sungen finden.\u00a0 Meine pers\u00f6nliche Geschichte\u00a0 In \u00fcber 18 Jahren im KMU und im Konzern (Gruner + Jahr) habe ich &#8211; langj\u00e4hrig auch als F\u00fchrungskraft &#8211; Transformationsprozesse mitgestaltet: Ich etablierte Kommunikationswege\u00a0zwischen [&hellip;]<\/p>","protected":false},"author":1,"featured_media":0,"parent":0,"menu_order":0,"comment_status":"closed","ping_status":"closed","template":"","meta":{"footnotes":""},"class_list":["post-795","page","type-page","status-publish","hentry"],"_links":{"self":[{"href":"https:\/\/yukie-yasui.de\/en\/wp-json\/wp\/v2\/pages\/795","targetHints":{"allow":["GET"]}}],"collection":[{"href":"https:\/\/yukie-yasui.de\/en\/wp-json\/wp\/v2\/pages"}],"about":[{"href":"https:\/\/yukie-yasui.de\/en\/wp-json\/wp\/v2\/types\/page"}],"author":[{"embeddable":true,"href":"https:\/\/yukie-yasui.de\/en\/wp-json\/wp\/v2\/users\/1"}],"replies":[{"embeddable":true,"href":"https:\/\/yukie-yasui.de\/en\/wp-json\/wp\/v2\/comments?post=795"}],"version-history":[{"count":10,"href":"https:\/\/yukie-yasui.de\/en\/wp-json\/wp\/v2\/pages\/795\/revisions"}],"predecessor-version":[{"id":4070,"href":"https:\/\/yukie-yasui.de\/en\/wp-json\/wp\/v2\/pages\/795\/revisions\/4070"}],"wp:attachment":[{"href":"https:\/\/yukie-yasui.de\/en\/wp-json\/wp\/v2\/media?parent=795"}],"curies":[{"name":"wp","href":"https:\/\/api.w.org\/{rel}","templated":true}]}}

Über mich

<div data-elementor-type="wp-page" data-elementor-id="795" class="elementor elementor-795" data-elementor-post-type="page">
				<div class="elementor-element elementor-element-152f2f6b e-con-full e-flex e-con e-parent" data-id="152f2f6b" data-element_type="container" data-settings="{&quot;background_background&quot;:&quot;classic&quot;,&quot;content_width&quot;:&quot;full&quot;}" data-core-v316-plus="true">
		<div class="elementor-element elementor-element-546a823 e-con-full e-flex e-con e-child" data-id="546a823" data-element_type="container" data-settings="{&quot;content_width&quot;:&quot;full&quot;,&quot;background_background&quot;:&quot;gradient&quot;}">
				<div class="elementor-element elementor-element-12d871fa elementor-widget__width-initial elementor-widget elementor-widget-heading" data-id="12d871fa" data-element_type="widget" data-widget_type="heading.default">
				<div class="elementor-widget-container">
			<style>/*! elementor - v3.19.0 - 29-01-2024 */
.elementor-heading-title{padding:0;margin:0;line-height:1}.elementor-widget-heading .elementor-heading-title[class*=elementor-size-]>a{color:inherit;font-size:inherit;line-height:inherit}.elementor-widget-heading .elementor-heading-title.elementor-size-small{font-size:15px}.elementor-widget-heading .elementor-heading-title.elementor-size-medium{font-size:19px}.elementor-widget-heading .elementor-heading-title.elementor-size-large{font-size:29px}.elementor-widget-heading .elementor-heading-title.elementor-size-xl{font-size:39px}.elementor-widget-heading .elementor-heading-title.elementor-size-xxl{font-size:59px}</style><h2 class="elementor-heading-title elementor-size-default">Über mich</h2>		</div>
				</div>
				<div class="elementor-element elementor-element-518a3ab7 elementor-widget__width-initial elementor-widget elementor-widget-text-editor" data-id="518a3ab7" data-element_type="widget" data-widget_type="text-editor.default">
				<div class="elementor-widget-container">
			<style>/*! elementor - v3.19.0 - 29-01-2024 */
.elementor-widget-text-editor.elementor-drop-cap-view-stacked .elementor-drop-cap{background-color:#69727d;color:#fff}.elementor-widget-text-editor.elementor-drop-cap-view-framed .elementor-drop-cap{color:#69727d;border:3px solid;background-color:transparent}.elementor-widget-text-editor:not(.elementor-drop-cap-view-default) .elementor-drop-cap{margin-top:8px}.elementor-widget-text-editor:not(.elementor-drop-cap-view-default) .elementor-drop-cap-letter{width:1em;height:1em}.elementor-widget-text-editor .elementor-drop-cap{float:left;text-align:center;line-height:1;font-size:50px}.elementor-widget-text-editor .elementor-drop-cap-letter{display:inline-block}</style>				<p data-start="1577" data-end="1651"><strong>Brücken bauen für Entwicklung und Wachstum</strong></p><p data-start="1653" data-end="2035">Ich verstehe mich als Brückenbauerin. <span style="word-spacing: 0em;">Mich motiviert es, wenn  Verbindung und Vertrauen zwischen Menschen </span>entsteht<span style="word-spacing: 0em;">, sich Potenziale entfalten und Lösungen finden. </span></p><p data-start="1653" data-end="2035"><span style="word-spacing: 0em;"><b>Meine persönliche Geschichte</b> </span></p><p data-start="1653" data-end="2035"><span style="word-spacing: 0em;">In über 18 Jahren im KMU und im Konzern (Gruner + Jahr) habe ich &#8211; langjährig auch als Führungskraft &#8211; Transformationsprozesse mitgestaltet: </span><span style="word-spacing: 0em;">Ich etablierte Kommunikationswege </span><span style="word-spacing: 0em;">zwischen Unternehmensteilen </span><span style="word-spacing: 0em;">und implementierte agile Prozesse operativ. </span><span style="word-spacing: 0em;"> </span></p>						</div>
				</div>
				</div>
		<div class="elementor-element elementor-element-c356f76 e-con-full e-flex e-con e-child" data-id="c356f76" data-element_type="container" data-settings="{&quot;content_width&quot;:&quot;full&quot;,&quot;background_background&quot;:&quot;gradient&quot;}">
				<div class="elementor-element elementor-element-c3d4a74 elementor-widget__width-initial elementor-widget elementor-widget-text-editor" data-id="c3d4a74" data-element_type="widget" data-widget_type="text-editor.default">
				<div class="elementor-widget-container">
							<p data-start="2037" data-end="2382"><span style="word-spacing: 0em;">Diese Erfahrungen </span><span style="word-spacing: 0em;">verbinde ich in meiner heutigen Beratung mit fundiertem psychologischem Wissen. </span><span style="word-spacing: 0em;">Meine Stärke liegt darin, auch hohe Komplexität zu überschauen. Ich finde kritische Hebelpunkte und erkenne wirksame Maßnahmen für Weiterentwicklung.</span></p><p data-start="2037" data-end="2382"><b style="word-spacing: 0em;">Mein Herzensthema</b><span style="word-spacing: 0em;"> &#8211; Menschen mithilfe der Positiven Psychologie in ihrer Resilienz zu stärken &#8211; begleitet mich im Einzelcoaching, im Führungskräftecoaching sowie in der Zusammenarbeit mit Teams.</span></p><p>Durch meine mit Japan und Deutschland verbundene Biographie bringe ich zudem Erfahrungen für interkulturelle Fragestellungen mit.</p><p data-start="2384" data-end="2698"> </p>						</div>
				</div>
				</div>
				</div>
		<div class="elementor-element elementor-element-f04d521 e-flex e-con-boxed e-con e-parent" data-id="f04d521" data-element_type="container" data-settings="{&quot;content_width&quot;:&quot;boxed&quot;}" data-core-v316-plus="true">
					<div class="e-con-inner">
		<div class="elementor-element elementor-element-b3ff5f5 e-con-full e-flex e-con e-child" data-id="b3ff5f5" data-element_type="container" data-settings="{&quot;content_width&quot;:&quot;full&quot;}">
				</div>
		<div class="elementor-element elementor-element-07d7808 e-con-full e-flex e-con e-child" data-id="07d7808" data-element_type="container" data-settings="{&quot;content_width&quot;:&quot;full&quot;}">
				<div class="elementor-element elementor-element-0b71faf elementor-widget elementor-widget-image" data-id="0b71faf" data-element_type="widget" data-widget_type="image.default">
				<div class="elementor-widget-container">
			<style>/*! elementor - v3.19.0 - 29-01-2024 */
.elementor-widget-image{text-align:center}.elementor-widget-image a{display:inline-block}.elementor-widget-image a img[src$=".svg"]{width:48px}.elementor-widget-image img{vertical-align:middle;display:inline-block}</style>										<img fetchpriority="high" decoding="async" width="300" height="300" src="https://yukie-yasui.de/wp-content/uploads/2024/09/IMG_1986-532C6E.png" class="attachment-large size-large wp-image-2586" alt="Yukie Yasui Kido coat of arms" srcset="https://yukie-yasui.de/wp-content/uploads/2024/09/IMG_1986-532C6E.png 300w, https://yukie-yasui.de/wp-content/uploads/2024/09/IMG_1986-532C6E-150x150.png 150w" sizes="(max-width: 300px) 100vw, 300px" />													</div>
				</div>
				</div>
		<div class="elementor-element elementor-element-354c330 e-con-full e-flex e-con e-child" data-id="354c330" data-element_type="container" data-settings="{&quot;content_width&quot;:&quot;full&quot;}">
				</div>
					</div>
				</div>
		<div class="elementor-element elementor-element-546157c1 e-con-full e-flex e-con e-parent" data-id="546157c1" data-element_type="container" data-settings="{&quot;content_width&quot;:&quot;full&quot;,&quot;background_background&quot;:&quot;classic&quot;}" data-core-v316-plus="true">
		<div class="elementor-element elementor-element-7b4e473 e-con-full e-flex e-con e-child" data-id="7b4e473" data-element_type="container" data-settings="{&quot;content_width&quot;:&quot;full&quot;}">
				<div class="elementor-element elementor-element-026ac84 elementor-widget__width-initial elementor-widget-mobile__width-inherit elementor-widget elementor-widget-heading" data-id="026ac84" data-element_type="widget" data-widget_type="heading.default">
				<div class="elementor-widget-container">
			<h3 class="elementor-heading-title elementor-size-default">Ausbildungen</h3>		</div>
				</div>
				<div class="elementor-element elementor-element-be23098 elementor-widget__width-initial elementor-widget-mobile__width-inherit elementor-widget elementor-widget-text-editor" data-id="be23098" data-element_type="widget" data-widget_type="text-editor.default">
				<div class="elementor-widget-container">
							<ul><li style="font-size: 18px;">Studium der Psychologie, Diplom an der Universität Hamburg (1999)<br />Kommunikationspsychologie bei Prof. Dr. Friedemann Schulz von Thun</li><li>Zertifizierte Systemische Coach, Die Coaching Akademie Hamburg <br />Ausbildung anerkannt durch den DBVC e.V. und international den IOBC </li><li>Wingwave® Coach</li><li>Wingwave® Online Ressources® Coach</li><li>Agiler Coach</li></ul>						</div>
				</div>
				</div>
		<div class="elementor-element elementor-element-4680029 e-con-full e-flex e-con e-child" data-id="4680029" data-element_type="container" data-settings="{&quot;content_width&quot;:&quot;full&quot;}">
				<div class="elementor-element elementor-element-259d6f2 elementor-widget__width-initial elementor-widget-mobile__width-inherit elementor-widget elementor-widget-heading" data-id="259d6f2" data-element_type="widget" data-widget_type="heading.default">
				<div class="elementor-widget-container">
			<h3 class="elementor-heading-title elementor-size-default">Arbeitssprachen</h3>		</div>
				</div>
				<div class="elementor-element elementor-element-6394380 elementor-widget__width-initial elementor-widget-mobile__width-inherit elementor-widget elementor-widget-text-editor" data-id="6394380" data-element_type="widget" data-widget_type="text-editor.default">
				<div class="elementor-widget-container">
							<ul><li>Deutsch</li><li>Englisch</li></ul>						</div>
				</div>
				</div>
				</div>
				</div>

<p>Über mich Brücken bauen für Entwicklung und Wachstum Ich verstehe mich als Brückenbauerin. Mich motiviert es, wenn  Verbindung und Vertrauen zwischen Menschen entsteht, sich Potenziale entfalten und Lösungen finden.  Meine persönliche Geschichte  In über 18 Jahren im KMU und im Konzern (Gruner + Jahr) habe ich &#8211; langjährig auch als Führungskraft &#8211; Transformationsprozesse mitgestaltet: Ich etablierte Kommunikationswege zwischen [&hellip;]</p>
